factor of l and 7.
7
Suppose u - 134 + 0 = 0. Suppose n - 3*x + 95 = 28, -3*x + u = -2*n. Let d = 10 - n. Calculate the highest common factor of 11 and d.
11
Let d = -28 - -72. What is the highest common divisor of d and 4?
4
Suppose -11*w = -15 - 590. What is the greatest common factor of 33 and w?
11
Let b = -135 + 230. Suppose 0 = -s - 5*a + 81, -s - 14 = -a - b. Let n = 21 + -12. What is the greatest common factor of s and n?
9
Let m = 2 + -5. Let f(i) = 3*i - 3. Let c(w) = 4*w - 4. Let y(n) = m*f(n) + 2*c(n). Let x be y(-3). Calculate the greatest common divisor of 8 and x.
4
Let a(l) = -3*l + 2. Let h be a(3). Let c be 7/2*(-12)/h. Let g(m) = -m**3 + 7*m**2 - 6*m + 4. Let v be g(c). Calculate the greatest common factor of v and 16.
4
Let k be ((-1)/(1/14))/(-2). Calculate the highest common factor of k and 77.
7
Suppose 5*w - 25 = -3*r + 3*w, -4*r - 4*w + 36 = 0. Suppose -r = y + 3*y + 3*m, 4*m + 20 = 0. Let d = 46 + -24. What is the greatest common factor of d and y?
2
Suppose 3*k + 8 = -4*f, 8*k - 3*k + 5 = -5*f. What is the highest common divisor of k and 12?
4
Let y be (-752)/(-18) - 8/(-36). Calculate the highest common divisor of 14 and y.
14
Suppose 3*s = -s + 300. Let b be 3/(1 - 0) + 12. What is the greatest common factor of b and s?
15
Suppose 0*c + 2*a = -4*c + 18, -15 = -c + 3*a. Let b be (-153)/6 - 3/c. Let k = -8 - b. What is the greatest common divisor of 144 and k?
18
Let o be (3/4)/(9/24). Let y(a) = -9*a - 1. Let n be y(-1). What is the highest common divisor of n and o?
2
Suppose -4*h = 56 + 44. Let k = 48 + h. What is the highest common divisor of 138 and k?
23
Let d(s) = 19*s**2 - 2*s - 2. Let j = 6 + -4. Let n be d(j). Let w be 0 - (-9 - (2 - 1)). What is the highest common divisor of n and w?
10
Let m be ((-8)/10)/((-4)/20). Suppose r - 3*n = 20, -39 = -3*r + 4*n - m. Let h = -2 + 7. What is the greatest common factor of h and r?
5
Let r(t) = t**3 - 4*t**2 - 3*t - 6. Suppose -4*n + 1 = -19. Let l be r(n). Let d be 24/14 + (-2)/(-7). Calculate the greatest common divisor of l and d.
2
Suppose 3*y = c - 10, 0 = 5*c - 3*y + y - 24. Suppose -w - 1078 = -5*b, 6*b - 2*b - 856 = c*w. What is the greatest common divisor of 24 and b?
24
Let a = 31 - 14. Calculate the highest common factor of 85 and a.
17
Let v = -1 - -7. Suppose -v = -q + 6. Let c(z) = -z**3 - 10*z**2 + 11*z + 3. Let i be c(-11). Calculate the greatest common factor of i and q.
3
Let d be (2/(-3))/((-10)/45). Suppose 0*w - 116 = 2*w + 4*x, -232 = 4*w - x. Let n be (-3)/9 - w/d. What is the highest common factor of n and 133?
19
Let v be 1/(-3) - 345/(-9). Let x be 1/4 + v/8. Let d(b) = -b + 5. Let p be d(0). Calculate the greatest common factor of p and x.
5
Suppose -5*t + 13 = -72. Calculate the highest common factor of t and 153.
17
Suppose -4*b + 48 = 5*f, 4*b + 71 = 5*f - 1. Suppose -3*j + t + 81 = 14, 2*t - 34 = -j. Let g = j - f. Calculate the greatest common factor of g and 96.
12
Suppose -3*j + 4 = -o, 0 = -4*o - 3*j - 2*j + 35. Suppose 2*x + 336 = o*x. Let g = 12 + 2. What is the highest common factor of x and g?
14
Suppose -3*h - 62 + 215 = 0. Calculate the highest common divisor of 17 and h.
17
Let r(c) = 3*c**2 - 19*c + 14. Let i be r(6). Calculate the highest common divisor of i and 24.
8
Suppose v - 3*v - 94 = 0. Let d be (-4)/6 - v/3. Suppose 3*n = d, -2*n - 3*n = -5*f - 20. What is the highest common divisor of 5 and f?
1
Let m = -21 + 28. Let x = 16 - 34. Let p = 46 + x. What is the greatest common divisor of m and p?
7
Let u(t) = 2*t**3 + 4*t**2 + 2*t - 2. Let a be u(-2). Let k be (-1 - -19)*(20/15)/(-1). Let g = a - k. What is the highest common factor of 144 and g?
18
Let p be 5*((1 - 1) + 1). Suppose 2*n - 4 - 6 = 0. Suppose 8*a - 3*a = 5*y - 10, n*y = 2*a + 16. Calculate the greatest common divisor of p and a.
1
Let j(t) = 3*t + 15. Let i be j(7). What is the greatest common divisor of i and 24?
12
Let v = -14 - -15. Suppose -q = 5*w - 39, -10 + v = -w + q. Calculate the greatest common divisor of 56 and w.
8
Let p(j) = 3*j**2 - 3*j - 4. Let m(u) = -u - 1. Let w be m(-4). Let a be p(w). Let c be 1/(1/58) + -2. Calculate the greatest common divisor of c and a.
14
Let y be ((-64)/(-10))/(25/250). What is the greatest common factor of 8 and y?
8
Let o(r) = -2*r**3 - 2*r**2 + 1. Let c be o(-1). Let g be 5 + (-2 - c)*1. Suppose 6*p - g*p - 168 = 0. What is the greatest common divisor of p and 14?
14
Suppose -3*j + 103 = -47. Suppose 0 = -3*k + k + j. Calculate the highest common divisor of 25 and k.
25
Let z = 3 - 0. Let u = -2 - -2. Let s be (z - -2) + (u - 2). Calculate the greatest common divisor of 33 and s.
3
Let j be 120/66 - (-4)/22. Suppose r = -j*r + 15. Let x be (r - -4) + (1 - 2). What is the highest common divisor of 1 and x?
1
Suppose -4 + 10 = 3*f. Let r be ((-28)/16)/((-3)/(-2 - -26)). Calculate the highest common factor of r and f.
2
Suppose 3*v - 7 = 14. Let z = 6 - 3. Suppose v*w - 528 = z*w. What is the highest common divisor of w and 12?
12
Suppose 0 = 4*x - 3*x - 14. Calculate the highest common factor of 2 and x.
2
Let n(z) = -z**3 + 19*z**2 - 33*z + 22. Let h be n(17). What is the greatest common divisor of h and 39?
39
Let z = 12 + -3. What is the greatest common factor of z and 36?
9
Let q(n) = -6 - 4*n**2 + 1 + 5*n**2. Let h be q(0). Let o(w) = w**2 + 3*w + 4. Let b be o(h). Calculate the highest common divisor of b and 126.
14
Suppose 4*l - 2*l = 10. Suppose 5*r - 20 = -5*z, 3*r = l*z + 27 + 1. Let d be 86/r - 4/12. What is the highest common factor of d and 154?
14
Let y be (10/7)/((-4)/(-28)). Suppose 0 = 2*x, -112 = -4*n - x + 5*x. Let s = n - y. Calculate the highest common divisor of 9 and s.
9
Let h = 48 - 33. Calculate the greatest common divisor of h and 10.
5
Let q = 0 + -6. Let r be 1/3 + (-190)/q. Suppose 0 = -2*m - 2*m + r. What is the greatest common factor of m and 8?
8
Let w be ((-12)/5)/((-2)/15). Calculate the highest common factor of 3 and w.
3
Let o = -10 - -15. Suppose 3*g + 5*z = -13, -5*z - o - 16 = g. Suppose -3*c + 15 = 2*i, 5*i + 4 + 16 = g*c. Calculate the greatest common divisor of 50 and c.
5
Suppose -30 = -9*w + 24. What is the highest common divisor of 138 and w?
6
Let h(q) = 3*q - 1. Let d be h(4). What is the highest common divisor of d and 77?
11
Suppose 0 = -4*u - 16, -5*p - 3*u - 4 = -p. Suppose -p*i - 725 = -7*i. Calculate the highest common divisor of 29 and i.
29
Let w(f) = 3*f**2 - 7*f. Let u be w(3). Suppose 5*c - 5*k - 35 = -5, -2*c = 4*k. Calculate the highest common factor of u and c.
2
Let u = 157 + -6. Suppose 5*w - u = -3*l, 2*l = 3*w - 4*w + 89. Let s(j) = 2*j**2 - 6*j + 6. Let o be s(4). Calculate the greatest common divisor of o and l.
14
Let j(v) = v**3 + 6*v**2 + 5*v + 5. Let d be j(-5). Let l be 368/(-6)*(-12)/8. Let g = l - 37. What is the highest common factor of d and g?
5
Let r(m) = 5 - 1 + 5*m**2 + 0*m**3 + 4*m + m**3. Let v be r(-4). Let k be (-3)/(-6) - (-58)/v. Calculate the greatest common divisor of k and 6.
3
Let g be 11 + 0/((-2)/2). Suppose 7*v - 3*v - j = -932, 0 = -v + j - 236. Let i = 353 + v. Calculate the highest common divisor of i and g.
11
Let x(d) = 8*d - 20. Let f be x(10). What is the highest common divisor of f and 12?
12
Let a(k) = -4*k - 6. Let z be a(3). Suppose 5*l + 83 - 33 = 0. Let s = l - z. Calculate the highest common factor of s and 88.
8
Suppose -18*k + 24 = -14*k. Calculate the greatest common divisor of k and 6.
6
Suppose 0 = -11*l + 7*l + 40. Calculate the highest common factor of 30 and l.
10
Suppose -p - 32 = p + 4*h, 4*h = 2*p - 8. Let s be (8/(-3))/((-2)/p). Let y(x) = -x. Let n be y(s). Calculate the greatest common divisor of n and 88.
8
Let v = -18 - -22. Suppose v*k - 132 = k. Calculate the greatest common factor of k and 66.
22
Let m = 114 - 99. Suppose 4*x + n = 29, -5*x - 3*n + 10 = -7*n. Suppose -3*o + 33 = l, x*l - 12 = 2*l. What is the highest common factor of m and o?
5
Suppose -15*g = -11*g - 84. Let n = 231 + -84. What is the greatest common divisor of n and g?
21
Let r(f) = 3*f**3 - f**2 + 2*f - 2. Let c be r(2). Calculate the greatest common factor of 11 and c.
11
Suppose -r - 15 = -c, 0 = -0*c + 5*c + 5*r - 45. What is the highest common divisor of c and 96?
12
Suppose 0 = -2*a + 7*a - 55. Let h = -2